2 - 757*k + 8. Determine o(13).
-200
Let j(i) = 570*i + 24470. Determine j(-43).
-40
Let d(k) = 7*k**2 + 158*k - 627. Determine d(-26).
-3
Let o(a) = -26*a**2 - 2652*a + 15. Calculate o(-102).
15
Let w(v) = 9*v**3 + 2081*v**2 + 374*v - 20336. Give w(-231).
-8
Let c(n) = n**3 - 33*n**2 - 2521*n - 14112. What is c(-32)?
0
Let z(f) = -20108*f - 1347230. Determine z(-67).
6
Let s(u) = u**2 - 8*u - 7287. Calculate s(-81).
-78
Let i(q) = q**3 - 231*q**2 + 3463*q - 48180. Determine i(216).
-12
Let o(t) = 114*t**2 - 739*t + 8. What is o(0)?
8
Let k(z) = z**3 + 17*z**2 - 26*z - 45. Give k(-17).
397
Let d(v) = -8*v**3 + 19*v**2 - 2*v + 15. Determine d(6).
-1041
Let g(n) = -875*n - 52091. What is g(-59)?
-466
Let d(g) = 9*g**2 + 221*g - 164. Determine d(-24).
-284
Let x(u) = -977*u**2 - 4343*u + 2685. What is x(-5)?
-25
Let l(f) = 3*f**2 + 1404*f + 38199. Give l(-29).
6
Let r(o) = -o**2 - 96*o - 404. What is r(-4)?
-36
Let f(a) = -2*a**2 - 136*a + 7047. Give f(34).
111
Let v(q) = -q**3 - 7*q**2 + 18*q + 68. Determine v(-3).
-22
Let i(h) = 7529*h + 820669. What is i(-109)?
8
Let m(k) = 25*k**2 - 2042*k + 1532. Determine m(81).
155
Let l(m) = 4211*m + 78315. Calculate l(-19).
-1694
Let l(a) = -85801*a - 429239. What is l(-5)?
-234
Let n(q) = 6*q - 639. Determine n(55).
-309
Let o(m) = 5*m**3 + 123*m**2 - 41*m + 221. Determine o(-25).
-4
Let k(x) = x**3 + 155*x**2 - 3112*x - 76. Calculate k(18).
-40
Let j(q) = -4*q**2 - 2590*q - 5169. What is j(-2)?
-5
Let w(d) = -d**3 + 1608*d**2 + 227807*d - 260. Determine w(-131).
2
Let m(h) = 17*h**3 + 594*h**2 + 49*h + 185. Determine m(-35).
-2755
Let m(a) = a**3 - 70*a**2 - 25667*a - 783. Calculate m(199).
13
Let p(v) = 261*v + 3345. Give p(-13).
-48
Let s(z) = z**3 - 157*z**2 + 454*z + 3707. Give s(154).
2475
Let g(m) = m**3 - 91*m**2 - 72*m - 2211. Determine g(92).
-371
Let m(p) = -p**2 - 59*p - 374. Determine m(-36).
454
Let p(b) = -b**2 - 4700*b - 112253. Give p(-24).
-29
Let n(w) = -948*w**2 + 4739*w - 60. Calculate n(5).
-65
Let b(t) = -21140*t + 190261. What is b(9)?
1
Let h(x) = 182987*x + 1829879. Determine h(-10).
9
Let i(s) = -177*s**2 - 1480*s + 222. Determine i(-8).
734
Let m(u) = -2487*u - 218853. Determine m(-88).
3
Let g(t) = 4*t**2 - 407*t + 9822. What is g(45)?
-393
Let h(n) = -15*n**2 + 99*n - 103. Give h(10).
-613
Let c(w) = -38367*w - 153469. Calculate c(-4).
-1
Let t(v) = 2*v**2 + 1024*v + 6095. What is t(-6)?
23
Let u(j) = -4*j**2 - 47*j + 3108. Give u(23).
-89
Let p(a) = 1395*a - 69744. What is p(50)?
6
Let v(k) = -14982*k + 239370. What is v(16)?
-342
Let y(g) = 12762*g - 3917941. Give y(307).
-7
Let h(o) = -o**3 + 56*o**2 - 575*o - 93. Calculate h(41).
1547
Let c(b) = 17*b**3 - 321*b**2 - 33*b - 105. Calculate c(19).
-10
Let o(r) = 223*r - 18821. Determine o(88).
803
Let x(j) = -57*j**2 + 1591*j - 11109. Determine x(14).
-7
Let z(i) = i**3 + 307*i**2 + 299*i - 2146. Determine z(-306).
-4
Let h(b) = b**3 - 224*b**2 - 1145*b + 338. Calculate h(229).
338
Let o(m) = -11*m**2 - 1598*m - 3196. Give o(-2).
-44
Let m(u) = u**2 - 58410*u - 233622. Give m(-4).
34
Let b(g) = -232*g**3 + 105*g**2 - 125*g + 18. Calculate b(1).
-234
Let a(j) = -j**2 - 260*j + 2791. Give a(11).
-190
Let n(k) = -3*k**3 + 165*k**2 + 5*k + 178. What is n(55)?
453
Let p(u) = u**3 + 125*u**2 + 941*u + 623. Calculate p(-117).
38
Let f(v) = -v**3 - 74*v**2 - 677*v + 178. What is f(-11)?
2
Let u(i) = 83270*i - 83291. Determine u(1).
-21
Let c(p) = p**3 + 80*p**2 - 33*p - 1991. Determine c(-80).
649
Let y(i) = i**3 - 50*i**2 + 49*i + 58. Give y(49).
58
Let o(a) = 88500*a - 1593001. Determine o(18).
-1
Let z(h) = -h**3 - 57*h**2 + 321*h + 2129. Give z(-4).
-3
Let q(w) = w**3 - 2143*w**2 + 6430*w - 21408. Calculate q(2140).
-8
Let g(d) = d**3 + 54*d**2 + 206*d + 14390. What is g(-55)?
35
Let w(d) = -d**3 + 305*d**2 + 1579*d - 8929. Calculate w(310).
61
Let p(t) = 373*t + 89289. Determine p(-239).
142
Let f(w) = w**3 + 134*w**2 + 1370*w + 145983. Give f(-132).
-9
Let b(n) = n**3 + 43*n**2 - 212*n - 3383. Determine b(-46).
21
Let w(p) = p**3 + 120*p**2 - 4128*p + 2390. Calculate w(-148).
22
Let i(k) = 22740*k + 454793. Give i(-20).
-7
Let o(q) = 5*q**3 + 119*q**2 + 725*q + 21782. Give o(-25).
-93
Let s(n) = 4*n**2 - 1384*n + 106252. Determine s(115).
-8
Let q(c) = -3228*c + 1313803. What is q(407)?
7
Let w(q) = -134*q**2 - 3*q - 67. Determine w(2).
-609
Let i(l) = -l**2 + 100*l - 1102. Give i(11).
-123
Let s(n) = -5*n**2 - 377*n + 297. Determine s(-76).
69
Let t(m) = 2*m**3 - 33*m**2 - 11949*m + 191436. Determine t(16).
-4
Let v(r) = r**3 + 5*r**2 - 3780*r - 18939. What is v(-5)?
-39
Let m(j) = 6463*j - 142179. Give m(22).
7
Let v(l) = l**3 - 1672*l**2 + 1624*l + 78535. What is v(1671)?
-2
Let t(w) = -w**3 - 9*w**2 + 377*w + 5449. Calculate t(-17).
1352
Let b(s) = s**3 + 96*s**2 - 4595*s + 180. Give b(-131).
1490
Let v(x) = -16*x**2 - 11840*x - 93693. Determine v(-732).
3
Let m(d) = 58979*d + 58969. Give m(-1).
-10
Let c(r) = -7444*r - 15006. Give c(-2).
-118
Let q(h) = 180*h - 4583. What is q(22)?
-623
Let z(h) = h**2 - 101*h + 146. Calculate z(25).
-1754
Let c(p) = -p**3 - 11*p**2 + 300*p - 137. Calculate c(-23).
-689
Let t(k) = -k**2 + 574*k - 56108. What is t(449)?
17
Let w(p) = p**3 + 263*p**2 - 1339*p + 236. Give w(-268).
-32
Let m(b) = b**2 + 2405*b + 38263. Determine m(-16).
39
Let z(t) = -t**3 + 658*t**2 + 3305*t - 47. Determine z(-5).
3
Let r(t) = t**2 + 410*t + 40971. Determine r(-173).
-30
Let n(k) = -k**3 + 13*k**2 - 20*k + 293. Determine n(13).
33
Let n(i) = 34*i**3 - 8*i**2 - 69*i + 235. Calculate n(5).
3940
Let x(y) = 76*y**2 - 1983*y - 42. Determine x(25).
-2117
Let b(x) = -2087*x + 6073. Calculate b(3).
-188
Let l(k) = -12*k**2 + 2368*k - 3141. What is l(196)?
-5
Let s(w) = -18922*w + 359508. Give s(19).
-10
Let h(q) = -113*q**2 - 1956*q - 82. What is h(-17)?
513
Let g(k) = -17*k**2 - 11154*k - 11943. What is g(-655)?
502
Let c(z) = 16*z**3 - 48*z**2 + 200*z - 101. What is c(4)?
955
Let y(m) = -33811*m - 2400586. What is y(-71)?
-5
Let f(x) = 1426*x - 81250. Give f(57).
32
Let f(d) = d**3 + 2*d**2 + 9*d + 21. What is f(-7)?
-287
Let y(x) = -7*x**2 + 586*x - 5986. What is y(12)?
38
Let v(j) = 475891*j + 6662480. What is v(-14)?
6
Let v(h) = -71*h**2 + 3216*h + 45. Determine v(45).
990
Let p(d) = 10*d + 1303. Determine p(-6).
1243
Let k(u) = -u**2 + 453*u - 20450. Give k(51).
52
Let l(v) = v**3 + 73*v**2 - 3924*v + 75. What is l(-109)?
75
Let z(f) = -9262*f - 129666. Give z(-14).
2
Let r(f) = -f**3 + 2*f**2 + 6011*f + 62. Give r(0).
62
Let p(b) = 8*b**3 - 4*b**2 + 158*b - 453. Calculate p(3).
201
Let o(v) = -5*v**2 + 16193*v - 32374. Calculate o(2).
-8
Let a(u) = 3948*u + 19549. Calculate a(-5).
-191
Let g(r) = 25947*r + 5760228. Give g(-222).
-6
Let y(i) = -i**3 - 31*i**2 - 45*i + 441. Calculate y(-15).
-2484
Let c(a) = -3*a**2 - 1564*a - 102623. What is c(-77)?
18
Let g(q) = 80*q**2 - 27*q - 217. Determine g(-6).
2825
Let g(h) = 4645*h - 199575. Calculate g(43).
160
Let j(u) = -346*u + 125708. Give j(363).
110
Let j(p) = 2*p**3 - 77*p**2 + 664*p - 129. Calculate j(26).
235
Let r(z) = -24016*z - 144295. What is r(-6)?
-199
Let g(f) = -f**3 + 271*f**2 + 309*f + 64851. Calculate g(273).
150
Let v(w) = w**3 - 45*w**2 + 445*w + 470. Determine v(29).
-81
Let u(x) = -42*x - 3422. What is u(-97)?
652
Let d(l) = l**2 + 285142*l - 13118645. What is d(46)?
3
Let i(v) = v**3 - 11616*v**2 - 46463*v + 4. Determine i(-4).
-64
Let n(u) = -25*u**2 - 104*u + 849. What is n(15)?
-6336
Let s(o) = -107*o**2 + 1883*o + 19. Determine s(16).
2755
Let z(s) = 2*s**3 + 127*s**2 + 222*s + 2139. Give z(-62).
-93
Let r(n) = n**3 + 71*n**2 + 152*n + 5781. What is r(-70)?
41
Let s(p) = p**2 - 186*p - 70936. Calculate s(-189).
-61
Let d(h) = -203462*h - 1017314. Determine d(-5).
-4
Let a(r) = -r**2 + 18288*r - 784638. Determine a(43).
-103
Let h(u) = 2*u**2 - 53*u + 292. Give h(5).
77
Let d(v) = 8*v**2 - 3372*v - 18610. Determine d(427).
178
Let n(v) = -56*v**2 - 5222*v - 1311. Calculate n(-93).
-9
Let b(m) = -2*m**2 - 1049*m - 88406. Determine b(-419).
3
Let s(p) = -206*p**2 - 81*p + 1. Determine s(2).
-985
Let g(o) = -67*o**2 - 2418*o + 50907. Determine g(-51).
-42
Let q(m) = 6218*m - 27190. What is q(4)?
-2318
Let y(p) = 15617*p + 2092666. Det